a + 1a?
-b5230
In base 14, what is 116 - 12dc8?
-12cb2
In base 5, what is -1314 + 1012341?
1011022
In base 15, what is -bed3612 + 0?
-bed3612
In base 3, what is 20 + 1112001222121?
1112001222211
In base 12, what is -1604 - -10016?
a612
In base 14, what is 182a + -12895?
-11069
In base 10, what is -22765 - 7072?
-29837
In base 8, what is 344 + -573711?
-573345
In base 3, what is -12022102010 - 102102?
-12022211112
In base 9, what is 152 + 547484?
547646
In base 8, what is -51 - -25475137?
25475066
In base 9, what is -55 - 7155856?
-7156022
In base 13, what is 242b8 - -1c0?
244a8
In base 3, what is -10001221220 + 211121?
-10001010022
In base 7, what is 2004 - -44251?
46255
In base 2, what is -1001101000111011101 - -101011?
-1001101000110110010
In base 8, what is 10703653 - -5?
10703660
In base 16, what is 649c88 - -18?
649ca0
In base 9, what is -33327 - -382?
-32835
In base 15, what is -1a - -56480?
56465
In base 14, what is 381 + -45db?
-425a
In base 11, what is 1711593 - -151?
1711734
In base 11, what is -4 + -40522070?
-40522074
In base 11, what is 701a42 + a?
701a51
In base 15, what is 2e3 - -56d9?
59cc
In base 16, what is -15 + 1b97e?
1b969
In base 9, what is 56558 - 26?
56532
In base 9, what is 121073826 + -5?
121073821
In base 4, what is 11 + 32130021121?
32130021132
In base 13, what is -35a81 - -861?
-35220
In base 5, what is -4 + 3003024022?
3003024013
In base 6, what is 3403324 - -14450?
3422214
In base 13, what is 4 - -273550b0?
273550b4
In base 15, what is -4247e80 + -13?
-4247e93
In base 6, what is 3405051 - 3?
3405044
In base 5, what is -31 - -310011232?
310011201
In base 7, what is 15203 + 53665?
102201
In base 5, what is 3204 + 1104104?
1112313
In base 15, what is 5db - 34b81?
-34595
In base 8, what is -4552 + -1307?
-6061
In base 9, what is -103718 + -52?
-103771
In base 15, what is -1c1 + -88c9?
-8a9a
In base 10, what is -4 + 1174793?
1174789
In base 14, what is 20 - -30574d?
30576d
In base 7, what is 53 - -661602?
661655
In base 4, what is -212 + 332000020?
331333202
In base 13, what is -c18bb2b + -2?
-c18bb30
In base 16, what is -3d5b54c - -3?
-3d5b549
In base 7, what is 62544045564 + 0?
62544045564
In base 2, what is -10101001011100011100 + 100100011?
-10101001010111111001
In base 15, what is 0 + b25eede?
b25eede
In base 7, what is 40220 + -510?
36410
In base 12, what is 1196a803 + 5?
1196a808
In base 2, what is -10111000101001 + -1000001000100111?
-1011000001010000
In base 3, what is 11 + -12012010101120?
-12012010101102
In base 11, what is 13110a - -557?
131666
In base 4, what is -3 - -13031222133?
13031222130
In base 7, what is 1 + 206003502?
206003503
In base 2, what is 1 - -100000000000111001011011?
100000000000111001011100
In base 3, what is -12112221122202 - -12?
-12112221122120
In base 9, what is 41072125 + -15?
41072110
In base 5, what is 20043031 - -1131?
20044212
In base 9, what is 102537211 - -2?
102537213
In base 9, what is -2 + 3146634?
3146632
In base 12, what is 0 + 2a888bb?
2a888bb
In base 3, what is -200221000 - 11110121?
-212101121
In base 7, what is -3052 + -255411?
-261463
In base 4, what is 10220 + -32201133?
-32130313
In base 4, what is 21 - 1011123032111?
-1011123032030
In base 7, what is -22301230 + 143?
-22301054
In base 2, what is 1011000100101 - 101111111011011110?
-101110100010111001
In base 12, what is -10 - -591653?
591643
In base 2, what is -1100101100110011010 - -100?
-1100101100110010110
In base 5, what is 2 - 434423441342?
-434423441340
In base 3, what is -212 - -10101012112000?
10101012111011
In base 10, what is 3 - 2294863?
-2294860
In base 6, what is 41 - 1124053010?
-1124052525
In base 4, what is 2 + 31021230130132?
31021230130200
In base 5, what is 20 + 1402214203?
1402214223
In base 5, what is -3040 + -11330122?
-11333212
In base 3, what is 10010211 - 11220100?
-1202112
In base 7, what is 2663 - 1142012?
-1136016
In base 4, what is 3333330 + -1020212?
2313112
In base 8, what is -175170 + 1?
-175167
In base 8, what is 4 - -122024250?
122024254
In base 4, what is 132202 - -1231011?
2023213
In base 16, what is 1 - -5eed?
5eee
In base 9, what is 13302 + -513?
12678
In base 3, what is -2 + 11220022220100?
11220022220021
In base 9, what is 7 - -33774218?
33774226
In base 4, what is 13313 - -3?
13322
In base 2, what is -11010010000010001000110 - -10010?
-11010010000010000110100
In base 5, what is 10 + 101104444212?
101104444222
In base 16, what is -d72 - -182b?
ab9
In base 13, what is -1574 + 4b326?
49a82
In base 6, what is -2152514200 + 10?
-2152514150
In base 13, what is -229b + -1852?
-3b20
In base 11, what is a - -4333157?
4333166
In base 16, what is -4 + 109af8a?
109af86
In base 2, what is 1010 + -10010011111111011011011011?
-10010011111111011011010001
In base 12, what is -3 - 1b348145?
-1b348148
In base 5, what is -2230441 + -2311?
-2233302
In base 12, what is -1a + -114b458?
-114b476
In base 10, what is -602 + 4332?
3730
In base 11, what is -5 - 1375a073?
-1375a078
In base 14, what is 4 + 24d774a?
24d7750
In base 10, what is 3672966 + 31?
3672997
In base 4, what is -12311100000200 + 0?
-12311100000200
In base 2, what is 10011100001000011101 - -100?
10011100001000100001
In base 14, what is 5042 - -256b?
75ad
In base 13, what is 6b8957a8 - -1?
6b8957a9
In base 12, what is -19b1 + 15163?
13372
In base 10, what is 1 - -2134027?
2134028
In base 14, what is -26 - 118b1?
-118d7
In base 4, what is 10 + 32323102221?
32323102231
In base 6, what is -13502 + 121?
-13341
In base 7, what is -1024140 - -25640?
-665200
In base 8, what is -3750067444 + 2?
-3750067442
In base 8, what is 42427774 - -1?
42427775
In base 12, what is 208592 + 4?
208596
In base 8, what is -211544 - 2510?
-214254
In base 6, what is 1033530325 + -5?
1033530320
In base 11, what is -261 - -21557?
212a6
In base 7, what is 13101412 + -13?
13101366
In base 2, what is 11101101001111111 + -11000100?
11101100110111011
In base 14, what is -29 + -139269?
-139294
In base 15, what is -272371e + 5?
-2723719
In base 4, what is 11232030213100 + -1?
11232030213033
In base 14, what is -4228da + 4a?
-422890
In base 16, what is 9 - -2ac7d?
2ac86
In base 16, what is 4ec2 + 2db?
519d
In base 9, what is -8 - -21437225?
21437216
In base 10, what is -29692 - -792?
-28900
In base 11, what is 5 + -6746388?
-6746383
In base 9, what is -2 + 25302446?
25302444
In base 7, what is 3466 + 1312616?
1316415
In base 10, what is -1 + -2897464?
-2897465
In base 3, what is -111 - -1021011120212?
1021011120101
In base 10, what is -405287430 - 1?
-405287431
In base 3, what is 12122 - 1221002220?
-1220220021
In base 14, what is -9043ac - -9?
-9043a3
In base 16, what is 23f + c3d?
e7c
In base 11, what is 83378 - 26?
83352
In base 8, what is -244 - 16051441?
-16051705
In base 7, what is 56632351 - -11?
56632362
In base 9, what is 73755 - 5838?
66816
In base 7, what is -140161263 - -5?
-140161255
In base 6, what is 1 - 234200550?
-234200545
In base 11, what is -65066a - 48?
-650707
In base 8, what is -5 + 400313322?
400313315
In base 7, what is -150035602 + 4?
-150035565
In base 15, what is -186 + -736d?
-7504
In base 4, what is -2 - 32011103233?
-32011103301
In base 3, what is 1100210211 + -21221?
1100111220
In base 8, what is -520 - -50362?
47642
In base 7, what is -1 - -1543065600?
1543065566
In base 14, what is 1870ad - -a?
1870b9
In base 14, what is -73a06 - 64?
-73a6a
In base 11, what is -26 - a3198?
-a3213
In base 10, what is 1824058 + 99?
1824157
In base 15, what is 7 + -1cbeac?
-1cbea5
In base 4, what is 231011210 + -22221?
230322323
In base 2, what is -11 + -101011001110011101100110101?
-101011001110011101100111000
In base 4, what is 10212313231322 + 3?
10212313231331
In base 12, what is 19887306 - -4?
1988730a
In base 3, what is 1201020220202200 + 12?
1201020220202212
In base 9, what is 4228 - 23641?
-18412
In base 4, what is 212010210 - -20213?
212031023
In base 4, what is -300110231232233 + -11?
-300110231232310
In base 16, what is -22fdd0 - 5e?
-22fe2e
In base 9, what is 323061 - 531?
322430
In base 5, what is 43 - -34300044?
34300142
In base 15, what is 25e79e - 39?
25e765
In base 16, what is 73dc19 + 0?
73dc19
In base 6, what is -4301 - -25521?
21220
In base 3, what is -20 - 2210110110021220?
-2210110110022010
In base 5, what is 2012240322 + 3?
201